{"id":7661,"date":"2025-11-19T20:49:39","date_gmt":"2025-11-19T19:49:39","guid":{"rendered":"https:\/\/braga.one\/fessgroup\/?page_id=7661"},"modified":"2026-03-16T18:15:14","modified_gmt":"2026-03-16T17:15:14","slug":"uslugi","status":"publish","type":"page","link":"https:\/\/fessgroup.pl\/index.php\/uslugi\/","title":{"rendered":"Us\u0142ugi"},"content":{"rendered":"<div class=\"wpb-content-wrapper\"><p>[vc_row row_btt_skin=&#8221;light&#8221; row_background_text_position=&#8221;front&#8221;][vc_column width=&#8221;1\/3&#8243;][vc_single_image image=&#8221;7696&#8243; img_size=&#8221;full&#8221; onclick=&#8221;custom_link&#8221; css=&#8221;&#8221; link=&#8221;https:\/\/fessgroup.pl\/index.php\/zarzadzanie-projektami-przemyslowymi-i-doradztwo\/&#8221;][vc_column_text css=&#8221;&#8221;]<\/p>\n<h5 style=\"text-align: center;\"><a href=\"https:\/\/fessgroup.pl\/index.php\/zarzadzanie-projektami-przemyslowymi-i-doradztwo\/\"><strong>Zarz\u0105dzanie projektami przemys\u0142owymi i doradztwo<\/strong><\/a><\/h5>\n<p>[\/vc_column_text][\/vc_column][vc_column width=&#8221;1\/3&#8243;][vc_single_image image=&#8221;7689&#8243; img_size=&#8221;full&#8221; onclick=&#8221;custom_link&#8221; css=&#8221;&#8221; link=&#8221;https:\/\/fessgroup.pl\/index.php\/projekty-zywnosci-o-wysokiej-jakosci\/&#8221;][vc_column_text css=&#8221;&#8221;]<\/p>\n<h5 style=\"text-align: center;\"><a href=\"https:\/\/fessgroup.pl\/index.php\/projekty-zywnosci-o-wysokiej-jakosci\/\"><strong>Projekty \u017cywno\u015bci o wysokiej jako\u015bci<\/strong><\/a><\/h5>\n<p>[\/vc_column_text][\/vc_column][vc_column width=&#8221;1\/3&#8243;][vc_single_image image=&#8221;7694&#8243; img_size=&#8221;full&#8221; onclick=&#8221;custom_link&#8221; css=&#8221;&#8221; link=&#8221;https:\/\/fessgroup.pl\/index.php\/uslugi-konserwacji-przemyslowej\/&#8221;][vc_column_text css=&#8221;&#8221;]<\/p>\n<h5 style=\"text-align: center;\"><a href=\"https:\/\/fessgroup.pl\/index.php\/uslugi-konserwacji-przemyslowej\/\"><strong>Us\u0142ugi konserwacji przemys\u0142owej<\/strong><\/a><\/h5>\n<p>[\/vc_column_text][\/vc_column][\/vc_row][vc_row row_btt_skin=&#8221;light&#8221; row_background_text_position=&#8221;front&#8221;][vc_column][vc_empty_space height=&#8221;52px&#8221;][\/vc_column][\/vc_row][vc_row row_btt_skin=&#8221;light&#8221; row_background_text_position=&#8221;front&#8221;][vc_column width=&#8221;1\/3&#8243;][vc_single_image image=&#8221;7691&#8243; img_size=&#8221;full&#8221; onclick=&#8221;custom_link&#8221; css=&#8221;&#8221; link=&#8221;https:\/\/fessgroup.pl\/index.php\/specjalisci-od-sprzetu-do-podnoszenia-i-przesuwania\/&#8221;][vc_column_text css=&#8221;&#8221;]<\/p>\n<h5 style=\"text-align: center;\"><a href=\"https:\/\/fessgroup.pl\/index.php\/specjalisci-od-sprzetu-do-podnoszenia-i-przesuwania\/\"><strong>Specjali\u015bci od sprz\u0119tu do podnoszenia i przesuwania<\/strong><\/a><\/h5>\n<p>[\/vc_column_text][\/vc_column][vc_column width=&#8221;1\/3&#8243;][vc_single_image image=&#8221;7695&#8243; img_size=&#8221;full&#8221; onclick=&#8221;custom_link&#8221; css=&#8221;&#8221; link=&#8221;https:\/\/fessgroup.pl\/index.php\/uslugi-mechaniczne-i-elektryczne\/&#8221;][vc_column_text css=&#8221;&#8221;]<\/p>\n<h5 style=\"text-align: center;\"><a href=\"https:\/\/fessgroup.pl\/index.php\/uslugi-mechaniczne-i-elektryczne\/\"><strong>Us\u0142ugi mechaniczne i elektryczne<\/strong><\/a><\/h5>\n<p>[\/vc_column_text][\/vc_column][vc_column width=&#8221;1\/3&#8243;][vc_single_image image=&#8221;7686&#8243; img_size=&#8221;full&#8221; onclick=&#8221;custom_link&#8221; css=&#8221;&#8221; link=&#8221;https:\/\/fessgroup.pl\/index.php\/budownictwo-przemyslowe\/&#8221;][vc_column_text css=&#8221;&#8221;]<\/p>\n<h5 style=\"text-align: center;\"><a href=\"https:\/\/fessgroup.pl\/index.php\/budownictwo-przemyslowe\/\"><strong>Budownictwo przemys\u0142owe<\/strong><\/a><\/h5>\n<p>[\/vc_column_text][\/vc_column][\/vc_row][vc_row row_btt_skin=&#8221;light&#8221; row_background_text_position=&#8221;front&#8221;][vc_column][vc_empty_space height=&#8221;52px&#8221;][\/vc_column][\/vc_row][vc_row row_btt_skin=&#8221;light&#8221; row_background_text_position=&#8221;front&#8221;][vc_column width=&#8221;1\/3&#8243;][vc_single_image image=&#8221;7687&#8243; img_size=&#8221;full&#8221; onclick=&#8221;custom_link&#8221; css=&#8221;&#8221; link=&#8221;https:\/\/fessgroup.pl\/index.php\/centrum-efektywnosci-produkcji\/&#8221;][vc_column_text css=&#8221;&#8221;]<\/p>\n<h5 style=\"text-align: center;\"><a href=\"https:\/\/fessgroup.pl\/index.php\/centrum-efektywnosci-produkcji\/\"><strong>Centrum Efektywno\u015bci Produkcji<\/strong><\/a><\/h5>\n<p>[\/vc_column_text][\/vc_column][vc_column width=&#8221;1\/3&#8243;][vc_single_image image=&#8221;7690&#8243; img_size=&#8221;full&#8221; onclick=&#8221;custom_link&#8221; css=&#8221;&#8221; link=&#8221;https:\/\/fessgroup.pl\/index.php\/rozwiazania-dla-procesow-przemyslowych\/&#8221;][vc_column_text css=&#8221;&#8221;]<\/p>\n<h5 style=\"text-align: center;\"><a href=\"https:\/\/fessgroup.pl\/index.php\/rozwiazania-dla-procesow-przemyslowych\/\"><strong>Rozwi\u0105zania dla proces\u00f3w przemys\u0142owych<\/strong><\/a><\/h5>\n<p>[\/vc_column_text][\/vc_column][vc_column width=&#8221;1\/3&#8243;][vc_single_image image=&#8221;7688&#8243; img_size=&#8221;full&#8221; onclick=&#8221;custom_link&#8221; css=&#8221;&#8221; link=&#8221;https:\/\/fessgroup.pl\/index.php\/procesy-koncowe-linii-produkcyjnej-pakowanie-przemyslowe\/&#8221;][vc_column_text css=&#8221;&#8221;]<\/p>\n<h5 style=\"text-align: center;\"><a href=\"https:\/\/fessgroup.pl\/index.php\/procesy-koncowe-linii-produkcyjnej-pakowanie-przemyslowe\/\"><strong>Procesy ko\u0144cowe linii produkcyjnej: pakowanie przemys\u0142owe<\/strong><\/a><\/h5>\n<p>[\/vc_column_text][\/vc_column][\/vc_row][vc_row row_btt_skin=&#8221;light&#8221; row_background_text_position=&#8221;front&#8221;][vc_column][vc_empty_space height=&#8221;52px&#8221;][\/vc_column][\/vc_row][vc_row row_btt_skin=&#8221;light&#8221; row_background_text_position=&#8221;front&#8221;][vc_column width=&#8221;1\/3&#8243;][vc_single_image image=&#8221;7692&#8243; img_size=&#8221;full&#8221; onclick=&#8221;custom_link&#8221; css=&#8221;&#8221; link=&#8221;https:\/\/fessgroup.pl\/index.php\/systemy-inspekcyjne-przemyslowe-wykrywanie-metali\/&#8221;][vc_column_text css=&#8221;&#8221;]<\/p>\n<h5 style=\"text-align: center;\"><a href=\"https:\/\/fessgroup.pl\/index.php\/systemy-inspekcyjne-przemyslowe-wykrywanie-metali\/\"><strong>Systemy inspekcyjne: Przemys\u0142owe wykrywanie metali<\/strong><\/a><\/h5>\n<p>[\/vc_column_text][\/vc_column][vc_column width=&#8221;1\/3&#8243;][vc_single_image image=&#8221;7693&#8243; img_size=&#8221;full&#8221; onclick=&#8221;custom_link&#8221; css=&#8221;&#8221; link=&#8221;https:\/\/fessgroup.pl\/index.php\/uslugi-komunalne-i-zrownowazony-rozwoj\/&#8221;][vc_column_text css=&#8221;&#8221;]<\/p>\n<h5 style=\"text-align: center;\"><a href=\"https:\/\/fessgroup.pl\/index.php\/uslugi-komunalne-i-zrownowazony-rozwoj\/\"><strong>Us\u0142ugi komunalne i zr\u00f3wnowa\u017cony rozw\u00f3j<\/strong><\/a><\/h5>\n<p>[\/vc_column_text][\/vc_column][vc_column width=&#8221;1\/3&#8243;][vc_single_image image=&#8221;7697&#8243; img_size=&#8221;full&#8221; onclick=&#8221;custom_link&#8221; css=&#8221;&#8221; link=&#8221;https:\/\/fessgroup.pl\/index.php\/zdrowie-i-bezpieczenstwo\/&#8221;][vc_column_text css=&#8221;&#8221;]<\/p>\n<h5 style=\"text-align: center;\"><a href=\"https:\/\/fessgroup.pl\/index.php\/zdrowie-i-bezpieczenstwo\/\"><strong>Zdrowie i bezpiecze\u0144stwo<\/strong><\/a><\/h5>\n<p>[\/vc_column_text][\/vc_column][\/vc_row]<\/p>\n<\/div>","protected":false},"excerpt":{"rendered":"<p>[vc_row row_btt_skin=&#8221;light&#8221; row_background_text_position=&#8221;front&#8221;][vc_column width=&#8221;1\/3&#8243;][vc_single_image image=&#8221;7696&#8243; img_size=&#8221;full&#8221; onclick=&#8221;custom_link&#8221; css=&#8221;&#8221; link=&#8221;https:\/\/fessgroup.pl\/index.php\/zarzadzanie-projektami-przemyslowymi-i-doradztwo\/&#8221;][vc_column_text css=&#8221;&#8221;] Zarz\u0105dzanie projektami przemys\u0142owymi i doradztwo [\/vc_column_text][\/vc_column][vc_column width=&#8221;1\/3&#8243;][vc_single_image image=&#8221;7689&#8243; img_size=&#8221;full&#8221; onclick=&#8221;custom_link&#8221; css=&#8221;&#8221; link=&#8221;https:\/\/fessgroup.pl\/index.php\/projekty-zywnosci-o-wysokiej-jakosci\/&#8221;][vc_column_text css=&#8221;&#8221;] Projekty \u017cywno\u015bci o wysokiej jako\u015bci [\/vc_column_text][\/vc_column][vc_column width=&#8221;1\/3&#8243;][vc_single_image image=&#8221;7694&#8243; img_size=&#8221;full&#8221; onclick=&#8221;custom_link&#8221; css=&#8221;&#8221; link=&#8221;https:\/\/fessgroup.pl\/index.php\/uslugi-konserwacji-przemyslowej\/&#8221;][vc_column_text css=&#8221;&#8221;] Us\u0142ugi konserwacji przemys\u0142owej [\/vc_column_text][\/vc_column][\/vc_row][vc_row [&hellip;]<\/p>\n","protected":false},"author":1,"featured_media":0,"parent":0,"menu_order":0,"comment_status":"closed","ping_status":"closed","template":"","meta":{"footnotes":""},"class_list":["post-7661","page","type-page","status-publish","hentry"],"_links":{"self":[{"href":"https:\/\/fessgroup.pl\/index.php\/wp-json\/wp\/v2\/pages\/7661","targetHints":{"allow":["GET"]}}],"collection":[{"href":"https:\/\/fessgroup.pl\/index.php\/wp-json\/wp\/v2\/pages"}],"about":[{"href":"https:\/\/fessgroup.pl\/index.php\/wp-json\/wp\/v2\/types\/page"}],"author":[{"embeddable":true,"href":"https:\/\/fessgroup.pl\/index.php\/wp-json\/wp\/v2\/users\/1"}],"replies":[{"embeddable":true,"href":"https:\/\/fessgroup.pl\/index.php\/wp-json\/wp\/v2\/comments?post=7661"}],"version-history":[{"count":20,"href":"https:\/\/fessgroup.pl\/index.php\/wp-json\/wp\/v2\/pages\/7661\/revisions"}],"predecessor-version":[{"id":7945,"href":"https:\/\/fessgroup.pl\/index.php\/wp-json\/wp\/v2\/pages\/7661\/revisions\/7945"}],"wp:attachment":[{"href":"https:\/\/fessgroup.pl\/index.php\/wp-json\/wp\/v2\/media?parent=7661"}],"curies":[{"name":"wp","href":"https:\/\/api.w.org\/{rel}","templated":true}]}}